culate the remainder when 218877 is divided by 24.
21
Calculate the remainder when 21316 is divided by 6.
4
Calculate the remainder when 348241 is divided by 26.
23
What is the remainder when 7195 is divided by 3097?
1001
What is the remainder when 1757 is divided by 864?
29
What is the remainder when 11199 is divided by 10?
9
What is the remainder when 79225 is divided by 39542?
141
Calculate the remainder when 212135 is divided by 24.
23
Calculate the remainder when 19391 is divided by 33.
20
Calculate the remainder when 3746171 is divided by 233.
230
Calculate the remainder when 60427 is divided by 1674.
163
Calculate the remainder when 478575 is divided by 2644.
11
Calculate the remainder when 609544 is divided by 46.
44
What is the remainder when 7782 is divided by 1290?
42
What is the remainder when 1583771 is divided by 6?
5
What is the remainder when 159961 is divided by 675?
661
What is the remainder when 31545 is divided by 50?
45
What is the remainder when 74490 is divided by 267?
264
What is the remainder when 1366 is divided by 920?
446
What is the remainder when 22121 is divided by 100?
21
Calculate the remainder when 837365 is divided by 19.
16
What is the remainder when 219429 is divided by 1493?
1451
Calculate the remainder when 80976 is divided by 19.
17
Calculate the remainder when 4088 is divided by 40.
8
Calculate the remainder when 24424 is divided by 24418.
6
What is the remainder when 337324 is divided by 4063?
95
What is the remainder when 1439 is divided by 1316?
123
What is the remainder when 15650 is divided by 43?
41
Calculate the remainder when 9478 is divided by 3152.
22
What is the remainder when 149402 is divided by 53?
48
Calculate the remainder when 66209 is divided by 725.
234
Calculate the remainder when 21142 is divided by 880.
22
What is the remainder when 172991 is divided by 865?
856
Calculate the remainder when 87037 is divided by 512.
509
Calculate the remainder when 227498 is divided by 1820.
1818
What is the remainder when 1020 is divided by 928?
92
What is the remainder when 2619 is divided by 113?
20
What is the remainder when 9231 is divided by 1136?
143
What is the remainder when 6033 is divided by 122?
55
What is the remainder when 127762 is divided by 11614?
8
Calculate the remainder when 12920 is divided by 249.
221
What is the remainder when 13111 is divided by 1310?
11
What is the remainder when 5983 is divided by 747?
7
What is the remainder when 2659 is divided by 360?
139
What is the remainder when 4976 is divided by 10?
6
What is the remainder when 1412699 is divided by 31?
29
What is the remainder when 42759 is divided by 515?
14
Calculate the remainder when 20800 is divided by 113.
8
Calculate the remainder when 6960 is divided by 3438.
84
What is the remainder when 1518 is divided by 475?
93
Calculate the remainder when 19102 is divided by 2718.
76
What is the remainder when 2277 is divided by 755?
12
Calculate the remainder when 1221469 is divided by 19.
16
Calculate the remainder when 36267 is divided by 52.
23
Calculate the remainder when 34741 is divided by 694.
41
Calculate the remainder when 12175 is divided by 12174.
1
What is the remainder when 4615 is divided by 575?
15
What is the remainder when 2173 is divided by 2021?
152
Calculate the remainder when 229623 is divided by 9.
6
Calculate the remainder when 2624 is divided by 1.
0
Calculate the remainder when 9277326 is divided by 214.
212
What is the remainder when 534001 is divided by 22?
17
Calculate the remainder when 54540 is divided by 410.
10
What is the remainder when 17639 is divided by 1082?
327
What is the remainder when 43926 is divided by 44?
14
What is the remainder when 1906 is divided by 23?
20
What is the remainder when 7307 is divided by 3568?
171
Calculate the remainder when 58808 is divided by 103.
98
What is the remainder when 3257 is divided by 1556?
145
What is the remainder when 82820 is divided by 82797?
23
Calculate the remainder when 91518 is divided by 1271.
6
What is the remainder when 55637 is divided by 107?
104
Calculate the remainder when 5543 is divided by 205.
8
What is the remainder when 561 is divided by 78?
15
Calculate the remainder when 58016 is divided by 12.
8
Calculate the remainder when 116742 is divided by 62.
58
Calculate the remainder when 1555 is divided by 240.
115
What is the remainder when 4465 is divided by 637?
6
Calculate the remainder when 277742 is divided by 81.
74
Calculate the remainder when 7926 is divided by 139.
3
Calculate the remainder when 96058 is divided by 18.
10
Calculate the remainder when 10668 is divided by 25.
18
What is the remainder when 1537 is divided by 889?
648
What is the remainder when 744 is divided by 9?
6
Calculate the remainder when 713 is divided by 81.
65
What is the remainder when 3044 is divided by 493?
86
What is the remainder when 178157 is divided by 272?
269
What is the remainder when 23173 is divided by 83?
16
What is the remainder when 2008028 is divided by 157?
155
What is the remainder when 201600 is divided by 576?
0
Calculate the remainder when 83581 is divided by 33.
25
Calculate the remainder when 250 is divided by 13.
3
What is the remainder when 27989 is divided by 90?
89
What is the remainder when 529727 is divided by 8026?
11
Calculate the remainder when 6534 is divided by 6474.
60
What is the remainder when 17525 is divided by 6?
5
Calculate the remainder when 82089 is divided by 551.
541
What is the remainder when 122211 is divided by 122205?
6
What is the remainder when 701 is divided by 482?
219
Calculate the remainder when 6971 is divided by 18.
5
Calculate the remainder when 52778 is divided by 17577.
47
What is the remainder when 10300 is divided by 29?
5
What is the remainder when 597 is divided by 20?
17
Calculate the remainder when 4351 is divided by 436.
427
What is the remainder when 39299 is divided by 2?
1
What is the remainder when 5593 is divided by 2783?
27
What is the remainder when 299419 is divided by 103?
101
Calculate the remainder when 25197 is divided by 115.
12
Calculate the remainder when 12643 is divided by 2492.
183
What is the remainder when 6393 is divided by 278?
277
Calculate the remainder when 28508 is divided by 809.
193
Calculate the remainder when 14614 is divided by 406.
404
Calculate the remainder when 1790 is divided by 725.
340
What is the remainder when 390814 is divided by 236?
234
What is the remainder when 5846 is divided by 282?
206
Calculate the remainder when 2590 is divided by 1428.
1162
Calculate the remainder when 43711 is divided by 12.
7
What is the remainder when 66668 is divided by 158?
150
What is the remainder when 2579 is divided by 234?
5
What is the remainder when 12941 is divided by 994?
19
What is the remainder when 4648 is divided by 179?
173
Calculate the remainder when 8615 is divided by 8590.
25
What is the remainder when 427 is divided by 20?
7
What is the remainder when 4410 is divided by 122?
18
What is the remainder when 18655 is divided by 355?
195
Calculate the remainder when 2972 is divided by 289.
82
Calculate the remainder when 2032 is divided by 677.
1
What is the remainder when 229839 is divided by 520?
519
What is the remainder when 11099 is divided by 2150?
349
What is the remainder when 3228 is divided by 102?
66
What is the remainder when 3123 is divided by 990?
153
Calculate the remainder when 123884 is divided by 97.
15
Calculate the remainder when 396720 is divided by 2736.
0
Calculate the remainder when 5078 is divided by 77.
73
What is the remainder when 3018693 is divided by 584?
581
Calculate the remainder when 9730 is divided by 535.
100
Calculate the remainder when 12194 is divided by 4042.
68
What is the remainder when 8557 is divided by 238?
227
What is the remainder when 8475 is divided by 49?
47
What is the remainder when 653437 is divided by 195?
187
What is the remainder when 842640 is divided by 58?
16
What is the remainder when 123754 is divided by 123618?
136
What is the remainder when 7237 is divided by 1780?
117
Calculate the remainder when 109031 is divided by 42.
41
What is the remainder when 671780 is divided by 19?
16
What is the remainder when 1821863 is divided by 44?
43
What is the remainder when 9706 is divided